hat is 92 (base 16) in base 2?
10010010
What is -342230 (base 5) in base 12?
-707a
Convert 4eb (base 16) to base 8.
2353
Convert 146 (base 7) to base 10.
83
Convert -2143 (base 10) to base 4.
-201133
Convert e20 (base 15) to base 12.
1a10
What is -1000111110 (base 2) in base 10?
-574
-22018 (base 9) to base 16
-3905
What is -12322 (base 4) in base 16?
-1ba
2011012001 (base 3) to base 10
42418
1601 (base 10) to base 2
11001000001
-10241 (base 6) to base 11
-1057
Convert 101111101001111 (base 2) to base 8.
57517
What is -55544 (base 6) in base 11?
-5922
7a4 (base 11) to base 7
2542
2040214 (base 5) to base 9
51335
Convert 6785 (base 14) to base 10.
17953
-177a0 (base 12) to base 16
-84a8
What is a02 (base 12) in base 4?
112202
What is -1585 (base 14) in base 5?
-110331
Convert 3a212 (base 12) to base 9.
131405
What is beb2 (base 15) in base 4?
21313322
1010001000111 (base 2) to base 4
1101013
Convert 2534 (base 6) to base 2.
1001111010
-223200 (base 4) to base 11
-2101
43033 (base 6) to base 13
2883
21010 (base 3) to base 5
1232
What is 207 (base 10) in base 5?
1312
Convert -62 (base 16) to base 9.
-118
3343 (base 5) to base 14
25b
What is fa1 (base 16) in base 3?
12111012
-1005 (base 7) to base 9
-426
Convert 1bb (base 13) to base 16.
143
What is 212 (base 10) in base 11?
183
What is -1051 (base 7) in base 2?
-101111011
2022211 (base 4) to base 9
13144
-15330 (base 7) to base 4
-1002330
Convert -1294 (base 11) to base 12.
-b78
What is 6411 (base 10) in base 12?
3863
-3c8 (base 14) to base 16
-2fc
What is -3ec3 (base 15) in base 6?
-142150
What is -a8a (base 11) in base 8?
-2434
Convert 31002 (base 4) to base 3.
1010220
Convert 21bb (base 13) to base 7.
16516
13131 (base 4) to base 3
122200
What is 23c (base 13) in base 14?
1db
Convert 22053 (base 7) to base 6.
41330
Convert 16630 (base 9) to base 11.
8668
Convert 6866 (base 9) to base 15.
178c
What is 4a68 (base 11) in base 4?
1213100
Convert 733 (base 15) to base 8.
3127
What is 780 (base 9) in base 3?
212200
What is -1110001122 (base 3) in base 4?
-12330323
-420 (base 14) to base 4
-30230
Convert -11001111101 (base 2) to base 14.
-869
Convert 14070 (base 9) to base 14.
3696
What is c3 (base 15) in base 2?
10110111
Convert -100201001 (base 3) to base 5.
-211300
Convert -3699a (base 12) to base 4.
-102010012
Convert -20c (base 14) to base 3.
-112222
What is 23c (base 15) in base 5?
4012
What is 360 (base 9) in base 4?
10221
What is 5166 (base 8) in base 11?
2015
-1210 (base 9) to base 10
-900
-126 (base 7) to base 13
-54
What is -18ba (base 12) in base 13?
-14b6
Convert 100110011010010 (base 2) to base 9.
28871
Convert -22100 (base 3) to base 6.
-1013
What is -56001 (base 9) in base 5?
-2142210
What is 13415 (base 6) in base 5?
31344
Convert -68 (base 10) to base 9.
-75
What is -1006 (base 12) in base 11?
-1337
What is -100022202 (base 3) in base 4?
-1222031
Convert 20130002 (base 4) to base 6.
424002
What is -234142 (base 5) in base 6?
-104052
Convert 4730 (base 10) to base 13.
21cb
What is -cba (base 13) in base 2?
-100010000101
What is 1562 (base 9) in base 3?
1122002
Convert 545 (base 7) to base 12.
1b2
Convert ba33 (base 14) to base 7.
162563
17ab (base 15) to base 16
13f7
What is -10110001101 (base 3) in base 7?
-401524
What is 32214 (base 7) in base 12?
4766
What is 211002 (base 3) in base 15?
29b
-102134 (base 5) to base 3
-11200122
Convert 11252 (base 6) to base 13.
974
What is 100100110110111 (base 2) in base 6?
223211
What is -238 (base 9) in base 5?
-1242
Convert 514 (base 10) to base 4.
20002
What is -1679 (base 10) in base 8?
-3217
Convert -1fe (base 16) to base 14.
-286
Convert 254 (base 13) to base 4.
12113
1467 (base 8) to base 13
4b4
10110100100 (base 2) to base 12
a04
What is 1404403 (base 5) in base 8?
70070
What is 43445 (base 10) in base 16?
a9b5
What is 1324 (base 7) in base 10?
508
What is 4160 (base 7) in base 11?
1110
What is -1a05 (base 11) in base 15?
-b4b
Convert 2b08 (base 13) to base 4.
1201311
1310201 (base 4) to base 13
3518
Convert -28b1 (base 12) to base 8.
-11205
Convert -13110 (base 9) to base 14.
-3314
-10022021 (base 3) to base 2
-100101101010
What is a0d4 (base 16) in base 2?
1010000011010100
Convert -3170 (base 8) to base 2.
-11001111000
What is -125141 (base 8) in base 13?
-16b12
3863 (base 9) to base 15
ccc
What is 562a (base 15) in base 10?
18265
1133 (base 5) to base 10
168
What is 6972 (base 10) in base 15?
20ec
What is -403 (base 10) in base 14?
-20b
Convert -22448 (base 10) to base 14.
-8276
What is 110001010 (base 2) in base 14?
202
Convert -286 (base 11) to base 16.
-150
Convert -1002000 (base 3) to base 10.
-783
278 (base 14) to base 9
613
-21645 (base 7) to base 2
-1010101100000
What is -111301 (base 7) in base 5?
-1112244
-23210 (base 6) to base 15
-eb3
What is -1310121 (base 5) in base 4?
-12100331
What is 1642 (base 7) in base 4?
22123
-20006 (base 7) to base 12
-2948
What is -2865 (base 11) in base 10?
-3701
Convert -927 (base 14) to base 15.
-7ee
124 (base 6) to base 13
40
What is 1333311 (base 5) in base 11?
19597
-645 (base 13) to base 3
-1110200
What is -123 (base 6) in base 8?
-63
-22112 (base 5) to base 15
-6c2
Convert -11544 (base 7) to base 12.
-18b9
What is -120112 (base 3) in base 13?
-263
What is -a67 (base 14) in base 13?
-c1a
What is 231222 (base 4) in base 10?
2922
Convert 261 (base 16) to base 7.
1530
What is -5a (base 14) in base 4?
-1100
-1101010211 (base 3) to base 5
-1331301
Convert -211440 (base 6) to base 3.
-212122020
7207 (base 10) to base 13
3385
Convert 7675 (base 11) to base 7.
41343
What is 1745 (base 11) in base 15?
9d7
-3131 (base 11) to base 15
-1368
138 (base 11) to base 4
2202
Convert -14ac (base 13) to base 3.
-11010200
Convert -1b4d (base 16) to base 12.
-4065
Convert b2c4 (base 13) to base 3.
1020211112
What is 2020022 (base 3) in base 12?
b38
12016 (base 10) to base 13
5614
What is 310113 (base 4) in base 6?
23303
What is -f11 (base 16) in base 11?
-2997
Convert -29e (base 15) to base 16.
-257
-3251 (base 11) to base 8
-10303
-12110 (base 4) to base 3
-112222
What is 6598 (base 16) in base 4?
12112120
What is -20783 (base 9) in base 13?
-635a
-482 (base 9) to base 3
-112202
30940 (base 10) to base 4
13203130
Convert 419 (base 11) to base 10.
504
What is 12d (base 16) in base 2?
100101101
-666 (base 7) to base 11
-291
What is -3422 (base 7) in base 11?
-a29
What is -716 (base 15) in base 8?
-3074
-11110001001 (base 2) to base 12
-1149
What is 111022 (base 6) in base 4?
2101112
What is -17845 (base 11) in base 4?
-12012033
-24221 (base 5) to base 4
-130103
What is 1b73 (base 12) in base 2?
110101000111
Convert 32020 (base 6) to base 14.
1816
Convert -4504 (base 9) to base 6.
-23221
Convert -310 (base 9) to base 16.
-fc
Convert 24001 (base 5) to base 4.
123113
What is 110101101101 (base 2) in base 7?
13010
Convert -218 (base 13) to base 6.
-1355
-1973 (base 14) to base 13
-2137
Convert -1010000011101001 (base 2) to base 3.
-2002111200
6e (base 16) to base 6
302
Convert 103110 (base 4) to base 8.
2324
What is d23 (base 14) in base 9?
3475
Convert -1838 (base 11) to base 12.
-1430
What is 10000 (base 2) in base 4?
100
What is 1011112 (base 3) in base 10?
851
2332031 (base 4) to base 16
2f8d
What is 515 (base 9) in base 11?
351
6270 (base 9) to base 7
16260
Convert 1199 (base 13) to base 2.
100110111100
-12001112 (base 3) to base 12
-2172
-82 (base 11) to base 9
-110
Convert -17725 (base 9) to base 10.
-12254
111 (base 15) to base 13
157
What is -9252 (base 11) in base 6?
-132502
What is -138 (base 13) in base 3?
-22000
What is -31973 (base 10) in base 13?
-11726
-5127 (base 8) to base 13
-1288
-2130242 (base 5) to base 16
-8de2
What is -102222 (base 3) in base 2?
-101000011
What is 10001101111101 (base 2) in base 6?
110021
What is 5250 (base 6) in base 15?
53c
-11010100 (base 2) to base 10
-212
-2330a (base 11) to base 2
-1000001101110000
What is -10211010 (base 3) in base 9?
-3733
Convert 3734 (base 8) to base 10.
2012
Convert -2437 (base 16) to base 10.
-9271
-584 (base 11) to base 8
-1271
Convert -41305 (base 6) to base 9.
-7505
161 (base 7) to base 5
332
What is 26831 (base 11) in base 15?
b515
What is 4ae8 (base 15) in base 11?
10aa7
-29 (base 16) to base 2
-101001
What is 11517 (base 8) in base 12?